or of 8 and 104?
8
Calculate the highest common divisor of 38493 and 21.
21
Calculate the greatest common factor of 26 and 39.
13
What is the highest common factor of 106 and 26?
2
Calculate the greatest common divisor of 50 and 175.
25
Calculate the greatest common divisor of 66 and 429.
33
What is the highest common divisor of 931 and 247?
19
Calculate the greatest common divisor of 209 and 22.
11
What is the highest common factor of 452 and 791?
113
Calculate the greatest common divisor of 72 and 162.
18
Calculate the greatest common divisor of 611 and 52.
13
What is the greatest common factor of 930 and 60?
30
Calculate the highest common divisor of 1159 and 38.
19
Calculate the greatest common divisor of 1350 and 175.
25
What is the highest common factor of 12 and 804?
12
What is the greatest common factor of 136 and 1?
1
Calculate the greatest common factor of 90 and 36.
18
What is the highest common divisor of 730 and 90?
10
What is the highest common divisor of 26352 and 108?
108
What is the highest common factor of 90 and 530?
10
Calculate the highest common divisor of 21 and 744.
3
What is the highest common factor of 168 and 189?
21
Calculate the highest common divisor of 672 and 3948.
84
What is the highest common factor of 71 and 6674?
71
What is the highest common factor of 70 and 1008?
14
What is the highest common divisor of 12 and 5472?
12
Calculate the highest common divisor of 34 and 3587.
17
Calculate the highest common factor of 107 and 12947.
107
Calculate the highest common divisor of 189 and 6468.
21
What is the greatest common divisor of 1212 and 12?
12
Calculate the greatest common divisor of 50 and 130.
10
What is the greatest common factor of 72 and 900?
36
What is the greatest common factor of 59 and 531?
59
What is the highest common divisor of 62 and 2449?
31
Calculate the greatest common factor of 9773 and 58.
29
Calculate the greatest common factor of 50 and 9925.
25
What is the highest common divisor of 13 and 8762?
13
Calculate the greatest common factor of 384 and 6.
6
Calculate the highest common factor of 21 and 133.
7
Calculate the highest common factor of 400 and 32.
16
Calculate the highest common divisor of 84 and 60.
12
What is the greatest common factor of 63 and 855?
9
Calculate the highest common divisor of 15720 and 48.
24
What is the highest common factor of 4 and 14368?
4
What is the greatest common factor of 162 and 558?
18
What is the greatest common factor of 24 and 4836?
12
What is the highest common divisor of 3230 and 76?
38
What is the greatest common divisor of 295 and 5?
5
What is the greatest common divisor of 76 and 418?
38
Calculate the greatest common factor of 448 and 70.
14
Calculate the greatest common factor of 5214 and 330.
66
What is the greatest common divisor of 76 and 32?
4
What is the highest common factor of 33018 and 12?
6
Calculate the greatest common factor of 5 and 85.
5
Calculate the greatest common divisor of 52 and 1079.
13
Calculate the greatest common factor of 750 and 200.
50
Calculate the highest common divisor of 5283 and 27.
9
What is the greatest common divisor of 24 and 7512?
24
What is the highest common divisor of 1626 and 12?
6
Calculate the highest common factor of 1251 and 1807.
139
Calculate the greatest common divisor of 22 and 341.
11
What is the greatest common factor of 186 and 474?
6
Calculate the greatest common factor of 231 and 81.
3
What is the highest common divisor of 48 and 208?
16
Calculate the greatest common divisor of 56 and 200.
8
What is the greatest common divisor of 8 and 292?
4
What is the highest common factor of 153 and 2091?
51
What is the highest common divisor of 16 and 1712?
16
Calculate the greatest common factor of 400 and 50.
50
What is the highest common divisor of 122 and 4331?
61
What is the greatest common divisor of 1122 and 12?
6
What is the greatest common factor of 152 and 247?
19
What is the greatest common divisor of 156 and 288?
12
Calculate the highest common factor of 49 and 28.
7
What is the greatest common divisor of 14 and 182?
14
What is the highest common divisor of 2320 and 48?
16
Calculate the greatest common divisor of 177 and 7021.
59
What is the highest common divisor of 1880 and 40?
40
Calculate the greatest common factor of 18 and 564.
6
Calculate the highest common factor of 69 and 4071.
69
What is the greatest common divisor of 177 and 9381?
177
What is the greatest common factor of 8 and 492?
4
Calculate the greatest common factor of 9 and 114.
3
Calculate the greatest common factor of 60 and 340.
20
Calculate the highest common factor of 79 and 1343.
79
What is the highest common factor of 10 and 590?
10
What is the greatest common factor of 333 and 37?
37
Calculate the highest common divisor of 3538 and 122.
122
What is the highest common factor of 832 and 14?
2
What is the greatest common divisor of 1008 and 144?
144
Calculate the highest common factor of 49 and 371.
7
What is the highest common divisor of 4863 and 21?
3
Calculate the highest common divisor of 39 and 78.
39
What is the greatest common factor of 256 and 1?
1
What is the greatest common factor of 1991 and 1267?
181
What is the greatest common factor of 14 and 350?
14
What is the highest common divisor of 102 and 1326?
102
Calculate the highest common divisor of 1995 and 15.
15
What is the greatest common factor of 8 and 10?
2
Calculate the greatest common factor of 104 and 494.
26
Calculate the highest common factor of 5 and 10.
5
Calculate the highest common factor of 120 and 2700.
60
Calculate the greatest common divisor of 34 and 42109.
17
Calculate the highest common factor of 6 and 62.
2
Calculate the greatest common divisor of 2232 and 651.
93
What is the highest common factor of 308 and 44?
44
Calculate the highest common divisor of 123 and 3.
3
Calculate the highest common divisor of 3600 and 432.
144
What is the highest common divisor of 368 and 138?
46
What is the highest common divisor of 1 and 1051?
1
What is the greatest common divisor of 77 and 33?
11
What is the highest common factor of 323 and 57?
19
What is the highest common factor of 638 and 58?
58
What is the greatest common divisor of 9 and 24363?
9
What is the highest common factor of 135 and 351?
27
What is the highest common divisor of 2205 and 105?
105
What is the greatest common divisor of 70 and 2170?
70
Calculate the greatest common factor of 40 and 625.
5
Calculate the highest common divisor of 14668 and 532.
76
Calculate the greatest common factor of 35 and 245.
35
Calculate the greatest common factor of 102 and 750.
6
What is the highest common divisor of 56 and 1624?
56
Calculate the greatest common factor of 51 and 408.
51
Calculate the greatest common factor of 168 and 84.
84
Calculate the greatest common factor of 134821 and 29.
29
Calculate the greatest common divisor of 124 and 744.
124
Calculate the highest common factor of 33 and 1056.
33
What is the highest common divisor of 204 and 476?
68
What is the greatest common factor of 226 and 69382?
226
Calculate the greatest common factor of 55963 and 191.
191
What is the greatest common factor of 506 and 92?
46
What is the greatest common divisor of 32 and 60?
4
Calculate the highest common factor of 2686 and 158.
158
Calculate the highest common divisor of 1379 and 3743.
197
What is the highest common divisor of 72 and 3708?
36
Calculate the highest common factor of 30 and 165.
15
What is the greatest common divisor of 8475 and 300?
75
Calculate the highest common divisor of 448 and 7.
7
Calculate the highest common divisor of 14 and 1834.
14
What is the greatest common divisor of 205 and 82?
41
Calculate the highest common factor of 115 and 5.
5
Calculate the highest common divisor of 273 and 63.
21
What is the highest common factor of 187 and 153?
17
What is the highest common factor of 98 and 6125?
49
What is the highest common factor of 126 and 4158?
126
Calculate the greatest common divisor of 189 and 77.
7
Calculate the greatest common factor of 55 and 140.
5
What is the greatest common factor of 3097 and 38?
19
Calculate the highest common divisor of 184 and 115.
23
What is the greatest common divisor of 680 and 80?
40
What is the highest common factor of 615 and 30?
15
What is t